?
False
Is 383312 a multiple of 8?
True
Is 136 a factor of 164152?
True
Is 72 a factor of 310680?
True
Is 6455837 a multiple of 20?
False
Is 1520 a factor of 5575674?
False
Is 20 a factor of 530621?
False
Is 3872466 a multiple of 201?
True
Is 25 a factor of 791974?
False
Is 17904 a multiple of 3?
True
Is 4 a factor of 106875?
False
Does 486 divide 1101276?
True
Does 28 divide 65828?
True
Is 8 a factor of 107074?
False
Is 58286 a multiple of 924?
False
Does 38 divide 209593?
False
Is 545 a factor of 149331?
False
Is 3158903 a multiple of 31?
False
Is 28 a factor of 5236?
True
Does 23 divide 2907568?
True
Is 13 a factor of 16912?
False
Is 2 a factor of 428337?
False
Is 11508 a multiple of 9?
False
Is 1020238 a multiple of 34?
True
Is 714268 a multiple of 4?
True
Does 165 divide 468105?
True
Does 28 divide 517536?
False
Does 6 divide 893200?
False
Is 608815 a multiple of 22?
False
Is 73 a factor of 12747246?
False
Does 3 divide 454954?
False
Does 2 divide 11394?
True
Is 71 a factor of 1396076?
False
Does 25 divide 3152788?
False
Is 249 a factor of 410620?
False
Is 31 a factor of 1463510?
True
Is 324194 a multiple of 72?
False
Is 147808 a multiple of 248?
True
Is 4 a factor of 549653?
False
Does 334 divide 32732?
True
Is 85 a factor of 423555?
True
Does 59 divide 34321067?
True
Is 19 a factor of 5964689?
True
Is 70481 a multiple of 32?
False
Is 6006460 a multiple of 77?
False
Is 7 a factor of 41288?
False
Is 16 a factor of 301072?
True
Does 290 divide 2169877?
False
Is 253 a factor of 1390235?
True
Is 6476100 a multiple of 15?
True
Is 12 a factor of 372984?
True
Does 34 divide 422178?
True
Does 2 divide 74447?
False
Is 255080 a multiple of 14?
True
Does 13 divide 1229143?
False
Is 2617849 a multiple of 10?
False
Does 17 divide 3238786?
False
Does 73 divide 89133?
True
Is 76398 a multiple of 51?
True
Is 1204454 a multiple of 950?
False
Is 1674775 a multiple of 79?
False
Is 210308 a multiple of 74?
True
Does 49 divide 19385?
False
Is 2 a factor of 1453340?
True
Is 155 a factor of 132990?
True
Does 53 divide 264894?
True
Is 459387 a multiple of 171?
False
Does 197 divide 215586?
False
Is 5 a factor of 64835?
True
Is 139125 a multiple of 371?
True
Does 33 divide 5582943?
False
Does 106 divide 4316823?
False
Does 53 divide 206329?
True
Is 19549770 a multiple of 290?
True
Is 328814 a multiple of 617?
False
Does 21 divide 43806?
True
Is 8 a factor of 44791?
False
Does 11 divide 433246?
True
Is 23569 a multiple of 46?
False
Is 22 a factor of 9966220?
True
Is 1698 a multiple of 3?
True
Is 15 a factor of 1747152?
False
Is 53 a factor of 29633678?
True
Is 201 a factor of 350946?
True
Does 74 divide 48470?
True
Is 55 a factor of 88605?
True
Is 79938 a multiple of 18?
True
Is 216220 a multiple of 95?
True
Is 2504493 a multiple of 109?
True
Is 2 a factor of 59422?
True
Does 21 divide 16617?
False
Is 594497 a multiple of 293?
True
Is 2 a factor of 382234?
True
Does 417 divide 300446?
False
Is 390775 a multiple of 385?
True
Is 23 a factor of 600001?
True
Is 443146 a multiple of 11?
True
Is 1009 a factor of 786109?
False
Is 2067000 a multiple of 8?
True
Is 47419 a multiple of 25?
False
Is 8 a factor of 32162?
False
Is 79562 a multiple of 25?
False
Is 2945024 a multiple of 64?
True
Is 23 a factor of 156395?
False
Does 8 divide 1611842?
False
Does 772 divide 6871572?
True
Is 481 a factor of 1734766?
False
Is 62718 a multiple of 3?
True
Is 1650784 a multiple of 25?
False
Does 4 divide 127144?
True
Is 22260 a multiple of 3?
True
Is 12 a factor of 15764976?
True
Is 22 a factor of 20930558?
True
Is 13 a factor of 817154?
True
Is 58480 a multiple of 21?
False
Is 43 a factor of 240283?
False
Does 38 divide 167656?
True
Is 87926 a multiple of 47?
False
Is 1190112 a multiple of 224?
True
Does 7 divide 226513?
True
Is 117865 a multiple of 154?
False
Does 194 divide 205225?
False
Does 28 divide 297742?
False
Is 86 a factor of 191438?
False
Is 30 a factor of 1283700?
True
Is 128814 a multiple of 211?
False
Does 257 divide 4159545?
True
Is 182 a factor of 129220?
True
Is 953 a factor of 3696687?
True
Is 29359 a multiple of 6?
False
Is 6530 a multiple of 5?
True
Is 335064 a multiple of 552?
True
Does 14 divide 756032?
False
Is 5594884 a multiple of 859?
False
Is 4588720 a multiple of 328?
True
Is 428151 a multiple of 23?
False
Does 70 divide 278297?
False
Is 7114916 a multiple of 21?
False
Does 12 divide 521249?
False
Is 7057056 a multiple of 48?
True
Does 13 divide 3202528?
False
Is 113 a factor of 125543?
True
Does 20 divide 16924?
False
Is 695121 a multiple of 24?
False
Is 23268 a multiple of 40?
False
Is 3567 a multiple of 6?
False
Does 502 divide 13775673?
False
Is 12 a factor of 102672?
True
Is 330648 a multiple of 46?
True
Is 113220 a multiple of 51?
True
Is 114 a factor of 230052?
True
Is 571 a factor of 1378394?
True
Does 119 divide 195188?
False
Is 9 a factor of 3334939?
False
Does 20 divide 171480?
True
Does 49 divide 2740164?
False
Is 243 a factor of 173476?
False
Is 30 a factor of 458808?
False
Is 4 a factor of 969738?
False
Is 262174 a multiple of 4?
False
Is 117858 a multiple of 272?
False
Does 486 divide 9588780?
True
Is 143 a factor of 56031?
False
Is 2855408 a multiple of 22?
False
Is 247826 a multiple of 394?
True
Is 17 a factor of 14778993?
False
Is 813666 a multiple of 42?
True
Does 14 divide 1356656?
True
Does 13 divide 2613791?
False
Is 25536 a multiple of 19?
True
Does 104 divide 422760?
True
Does 173 divide 6278689?
True
Is 307 a factor of 465412?
True
Is 636313 a multiple of 245?
False
Is 623695 a multiple of 579?
False
Does 215 divide 469405?
False
Is 3920688 a multiple of 8?
True
Is 29980 a multiple of 20?
True
Is 102 a factor of 1166370?
True
Is 12740854 a multiple of 799?
True
Is 11 a factor of 78474?
True
Is 71143 even?
False
Does 146 divide 2747208?
False
Is 20 a factor of 18483?
False
Is 32 a factor of 6175369?
False
Is 78 a factor of 250619?
False
Is 39 a factor of 196521?
True
Is 13204 a multiple of 92?
False
Is 14500218 a multiple of 8?
False
Is 457 a factor of 2235187?
True
Is 21 a factor of 14786?
False
Is 319 a factor of 10277861?
True
Is 50 a factor of 1623300?
True
Is 1520324 a multiple of 107?
False
Is 72112 a multiple of 275?
False
Is 41 a factor of 33087?
True
Is 30 a factor of 952907?
False
Is 24 a factor of 2884896?
True
Is 24 a factor of 781440?
True
Is 52311 a multiple of 13?
False
Is 1609036 a multiple of 22?
True
Is 147 a factor of 53707?
False
Is 120 a factor of 120720?
True
Does 19 divide 254168?
False
Is 25 a factor of 130823?
False
Is 30 a factor of 602209?
False
Is 267026 a multiple of 92?
False
Is 150247 a multiple of 20?
False
Does 15 divide 342268?
False
Is 21 a factor of 8102442?
False
Does 132 divide 2398044?
True
Is 11 a factor of 479666?
True
Is 84 a factor of 416714?
False
Is 549 a factor of 116937?
True
Does 7 divide 4596669?
True
Is 612 a factor of 559980?
True
Does 2 divide 25878?
True
Is 65 a factor of 1645372?
False
Does 763 divide 421939?
True
Is 2744649 a multiple of 9?
True
Is 206367 a multiple of 48?
False
Is 681246 a multiple of 165?
False
Does 9 divide 83097?
True
Is 4 a factor of 100860?
True
Does 10 divide 369770?
True
Is 27 a factor of 143267?
False
Is 57 a factor of 4459052?
False
Is 490 a factor of 4296320?
True
Is 143 a factor of 75574?
False
Is 82408 even?
True
Does 1192 divide 14916688?
True
Is 13 a factor of 1181838?
False
Does 33 divide 3790990?
False
Does 656 divide 12706977?
False
Is 3 a factor of 11119?
False
Is 3774448 a multiple of 8?
True
Is 10816303 a multiple of 31?
True
Is 1067704 a multiple of 11?
True
Does 482 divide 78404?
False
Is 38954 a multiple of 2?
True
Does 31 divide 277651?
False
Does 13 divide 116723?
False
Does 9 divide 143280?
True
Is 1054 a factor of 5453396?
True
Is 555749 a multiple of 7?
False
Is 23 a factor of 964666?
True
Is 608358 a multiple of 123?
True
Is 277367 a multiple of 39?
False
Is 13643 a multiple of 12?
False
Is 24477 a multiple of 48?
False
Is 10 a factor of 572930?
True
Is 13 a factor of 12168?
True
Is 13837655 a multiple of 1795?
True
Is 3 a factor of 11505?
True
Is 289618 a multiple of 22?
False
Is 9372142 a multiple of 27?
False
Is 3 a factor of 290568?
True
Is 184203 a multiple of 14?
False
Does 11 divide 4080278?
False
Is 1107 a factor of 15262